tor of f and b.
10
Let y = 24 + -229. Let f = y + 331. What is the greatest common divisor of f and 14?
14
Let j = 16 - 0. Let v be 0/(1 + -2) - 2. Let s = v + j. What is the greatest common divisor of s and 35?
7
Suppose 5*g = 5*l + 435, -2 = 2*l - 4. Suppose 0*c = -4*c + g. Suppose 5*h + 24 - 189 = 0. Calculate the highest common factor of c and h.
11
Suppose 7*a = 4*a + 252. Let y be (15*(-24)/(-140))/(6/28). What is the greatest common divisor of a and y?
12
Suppose 5*u - 84 + 4 = 0. Calculate the greatest common divisor of 12 and u.
4
Let s(l) = -l + 51. Let i be s(0). What is the highest common divisor of i and 34?
17
Suppose 0 = 2*c + 4*o - 60, -2*c - c + 111 = -o. Let b = 1 - -8. Calculate the highest common factor of c and b.
9
Suppose 2*t - 6 = -i, -4*t - 22 = -3*i + 16. Let x(s) be the first derivative of s**2 - 3*s + 1. Let u be x(i). What is the greatest common factor of 119 and u?
17
Let z = 41 + -32. What is the greatest common factor of z and 63?
9
Suppose -594 = -9*f + 306. What is the greatest common factor of 5 and f?
5
Suppose 0 = 3*f - 8*f + 70. Suppose -2*i - 2 = -f. What is the highest common factor of i and 24?
6
Let v(d) = -d**3 + 6*d**2 + 9*d - 6. Let b be v(7). Let q(h) = h**3 - 8*h**2 + h + 3. Let r be q(b). What is the highest common divisor of 99 and r?
11
Suppose 3*r - 5*r = -4. Suppose r*z - 7 = j, z = -j + 3 - 4. Suppose b = 3*y - 5, 0 = z*y - 4*b + 3*b - 3. What is the highest common factor of 2 and y?
2
Let a(x) = -8*x - 1. Suppose 3*d - 8*d + 3*h = 7, 5*h + 9 = -2*d. Let g be a(d). What is the highest common divisor of 75 and g?
15
Suppose j = -38 + 159. Let s(u) = -u + 5. Let d be s(-6). Calculate the highest common divisor of j and d.
11
Suppose -4*m + 23 = -57. What is the highest common factor of 180 and m?
20
Suppose 4*o - 12 = -2*w, -5*o + 2*o = -3. Let u = -44 + 26. Let b = -8 - u. Calculate the greatest common divisor of b and w.
2
Suppose -i - 28 = -h, -3*i + h - 91 = -13. Let k = i + 45. What is the highest common divisor of 30 and k?
10
Let f = 6 + -5. Let p be (0 + f)*(-13)/(-1). What is the highest common divisor of p and 13?
13
Let f be 2/2 + 0/(-6). Suppose -2*j + 109 = -f. What is the greatest common factor of j and 11?
11
Let z(m) = -m - 3. Let u be z(-4). Let l be 4/(-2) - -9 - 2. Let j = -4 + l. What is the highest common factor of j and u?
1
Let f be 20/6*(-24)/(-20). What is the greatest common factor of 8 and f?
4
Let w be (-1)/((-3)/(2 - -1)). Let z be w/(-2)*-6 + 2. Calculate the highest common factor of 35 and z.
5
Suppose 12 = 2*b - 0*b. Let j(n) = n + 37. Let l be j(11). Calculate the highest common factor of b and l.
6
Suppose 0 = -4*s + 8, -2*i + s - 6*s = -104. Let r = 8 + i. Let t be 22 - (1 - -1 - 2). What is the highest common divisor of r and t?
11
Suppose -k + 5*k - 32 = 0. Let w(f) = -f + 4*f**3 - f**3 + 2*f. Let x be w(1). Calculate the greatest common divisor of k and x.
4
Let o be 21/(-4)*480/(-18). What is the greatest common divisor of o and 20?
20
Suppose -5*o - v = -4, -2*v - 2 = o + v. Let i be (-1 + 1 + -2)*-2. Calculate the highest common divisor of o and i.
1
Suppose 0*h + 4*c + 93 = 3*h, -c = -2*h + 57. Let g = h - 15. Suppose -4*m + 5*n + 45 = -17, 4*m = 3*n + 66. Calculate the highest common factor of g and m.
6
Suppose 0 = g - 4 + 1. Let l = 118 - 76. Suppose 0*i = 2*i - l. What is the highest common factor of i and g?
3
Suppose -2*h - 2*z = -20, -3*z - 30 = -h + z. Let n = 17 - 10. Calculate the greatest common factor of n and h.
7
Suppose 3*g - 8 = 1. Suppose -g*u - 2*j + 160 = 0, -2*u + 104 = -j + 3*j. Calculate the greatest common factor of u and 7.
7
Let k(a) = a**2 - 3*a - 5. Let u be k(4). Let j(b) = 8*b - 2. Let q be j(3). Let t be (0 - u) + q + 5. What is the greatest common factor of t and 4?
4
Let p(j) = 39*j**2 + 4*j. Let h(g) = -39*g**2 - 5*g. Let b(z) = 3*h(z) + 4*p(z). Let k be b(-2). Calculate the greatest common factor of 14 and k.
14
Let r be (1/(-3))/(23/(-828)). What is the highest common divisor of 12 and r?
12
Let u be (-4)/((-8)/(-6)) + 5. Let i be (1/3)/(u/78). Let v(f) = f**3 - 5*f**2 - 11*f. Let z be v(8). What is the highest common factor of i and z?
13
Let w = 84 + -127. Let r = w - -67. Calculate the highest common factor of r and 3.
3
Let c = 2 + 1. Suppose c = o - 6. What is the greatest common factor of 45 and o?
9
Let b(q) = 3*q**3 - q**2 + q. Let a be b(3). Let p = a - 47. Let l be (-1)/(-2) - (-166)/4. What is the highest common divisor of l and p?
14
Let o = 44 + -35. Suppose 13 = l - 5. Calculate the greatest common factor of l and o.
9
Let u(v) = 15*v - 3. Let g be u(1). Calculate the highest common factor of 4 and g.
4
Let k be (-8 - -8) + (1 - -2). Suppose 0*h - 27 = -k*h. What is the greatest common factor of h and 18?
9
Let r(k) = -204*k - 22. Let u(f) = -68*f - 7. Let z(j) = 5*r(j) - 16*u(j). Let y be z(1). What is the greatest common factor of 10 and y?
10
Let m be (1 + 5)/(-3) - -122. Suppose -b - m = -4*b. What is the greatest common divisor of b and 5?
5
Let t(w) = -w**3 + 5*w**2 - 3*w - 3. Let q be t(4). Let f be 0 + 1 + (3 - q). Calculate the greatest common divisor of f and 2.
1
Suppose -4*z = -5*h + 9, 1 = -4*h - 5*z - 0. Let v be 15 + -6 - 0/h. What is the highest common factor of v and 3?
3
Let p = 149 - 215. Let d = 102 + p. Calculate the greatest common divisor of 9 and d.
9
Let q = -2 - -27. Suppose 0 = -4*z + 19 + 1. Calculate the greatest common divisor of q and z.
5
Let r = 21 + -15. Let m be ((-10)/r + 2)*6. Calculate the greatest common divisor of 5 and m.
1
Let w be (1/(-2))/(3/12). Let p be (-214)/w + (6 - 5). Let b = 24 - 12. Calculate the greatest common factor of p and b.
12
Suppose 4*p - g = -6*g + 200, -p = g - 51. Calculate the greatest common factor of p and 11.
11
Suppose -5*t + t = -40. Suppose 0 = -2*c + 4*c + t, 3*u - 60 = 3*c. Let v be (112/(-10))/((-3)/u). What is the highest common divisor of 14 and v?
14
Let b be (-4)/(-36) - 134/(-9). Calculate the greatest common divisor of b and 45.
15
Let p be 1 - (-3)/(-3) - -5. Suppose v - p*v = -120. What is the highest common factor of v and 12?
6
Suppose -x = -0*l + l - 104, -4*l = -x + 124. Suppose 0 + 12 = n. Calculate the highest common divisor of x and n.
12
Let f(g) = -g**2 + 4*g + 1. Let d be f(3). Calculate the greatest common factor of d and 1.
1
Let y(i) = -i**3 + 12*i**2 + 3. Let n be y(12). Suppose -x = n*x + 84. Let p = -11 - x. What is the greatest common divisor of 2 and p?
2
Suppose d = 4*f + 6, -3*d + f + 22 - 4 = 0. Let n(i) = -i**2 + 2*i + 30. Let p be n(0). Calculate the highest common factor of p and d.
6
Let k(b) = -b**3 + 6*b**2 - 15*b + 2 + 15*b. Let x be k(5). Calculate the greatest common divisor of 9 and x.
9
Let o = -35 - -46. Calculate the highest common divisor of 1 and o.
1
Suppose 10 = 7*l - 2*l. What is the greatest common factor of 18 and l?
2
Suppose -2*m = -9 - 3. What is the highest common factor of m and 54?
6
Let i = 9 - 34. Let u = -11 - i. Let h(j) = j**2 - 2*j + 6. Let x be h(4). What is the greatest common factor of u and x?
14
Suppose -i + r + 45 = -2*r, 5*i = -r + 177. What is the greatest common divisor of 4 and i?
4
Let u = 6 - -67. Let f = u - -2. What is the highest common divisor of 15 and f?
15
Let v = -35 - -65. Calculate the highest common factor of 50 and v.
10
Suppose 3*l + l = -452. Let g = l + 212. Let o = 39 - 28. What is the highest common factor of g and o?
11
Suppose d = 5*d. Suppose d = 5*h - 196 + 46. Suppose 3*w = -0*w + h. What is the highest common divisor of 20 and w?
10
Let k = -19 + 49. Let f = -15 + k. What is the greatest common factor of 15 and f?
15
Suppose 3*w = 2*a - 24, a = w - 6 + 18. What is the greatest common factor of 48 and a?
12
Let l be 54/12*(-4)/6. Let h(v) = v**2 + 3*v + 4. Let i be h(l). What is the greatest common factor of i and 2?
2
Suppose 90 = 2*v - v. Suppose 0 = g - v + 12. Suppose 34 + g = i. Calculate the highest common divisor of i and 14.
14
Let h(p) = 2*p - 13. Let i be h(6). Let d be 36/i*(-16)/12. What is the highest common factor of d and 12?
12
Let h be 0 - (-6 - -2) - 1. Suppose -h = -j - 0. Suppose n + 46 = 3*b + 2*n, 5*b + j*n = 74. Calculate the highest common divisor of b and 4.
4
Let y(l) = 0 - 6 + 0*l + 3*l - 6*l. Let u be y(-